 base 12, what is 10 + -16?
-6
In base 13, what is a04 + 5?
a09
In base 12, what is -6568 + 5?
-6563
In base 2, what is -100010110 - -10?
-100010100
In base 2, what is 100000100 + 1001?
100001101
In base 13, what is 45 + 7?
4c
In base 11, what is -57 + 4?
-53
In base 8, what is 246 + -25?
221
In base 15, what is -cb - 0?
-cb
In base 13, what is -ca - c?
-109
In base 6, what is -1 + -5553?
-5554
In base 9, what is 1217 - 0?
1217
In base 11, what is -7a6 + -2?
-7a8
In base 3, what is -21 - -2010200?
2010102
In base 6, what is 10 - -24?
34
In base 12, what is -69 + -97?
-144
In base 5, what is 22104 + 0?
22104
In base 7, what is 11466 - 2?
11464
In base 2, what is -100101 + 1?
-100100
In base 3, what is -1120211 - -12?
-1120122
In base 10, what is 4 + 464?
468
In base 2, what is 1000101 - -100001?
1100110
In base 7, what is 2004 + -2?
2002
In base 15, what is -1 + -d0c?
-d0d
In base 14, what is 22 + 54?
76
In base 15, what is 135 + 13?
148
In base 8, what is -26 - -316?
270
In base 6, what is -2 - -31344?
31342
In base 3, what is -1 + -12021220?
-12021221
In base 7, what is 153 - -2?
155
In base 9, what is 32 + 10?
42
In base 7, what is 11 + 1131?
1142
In base 8, what is 14020 - -5?
14025
In base 3, what is 11002021 + -10?
11002011
In base 6, what is -3 - 1052?
-1055
In base 15, what is 214 - 5?
20e
In base 14, what is 5d1 + -5?
5ca
In base 9, what is -11 - -4?
-6
In base 13, what is c - 16?
-7
In base 12, what is 4 - 1425?
-1421
In base 9, what is -34 - -5?
-28
In base 10, what is 16885 - -2?
16887
In base 16, what is -a - -6dc?
6d2
In base 6, what is 5 - 241?
-232
In base 11, what is 533 - -3?
536
In base 12, what is 1 - 117?
-116
In base 5, what is 14 + 3?
22
In base 2, what is 11 - 10011000?
-10010101
In base 6, what is -24144 + -5?
-24153
In base 6, what is -4035 + 10?
-4025
In base 3, what is 12200 + 1?
12201
In base 9, what is 3 - 11?
-7
In base 3, what is 12 + -1121?
-1102
In base 7, what is 20 + -104?
-54
In base 6, what is 5 - -231?
240
In base 8, what is -4 - -15453?
15447
In base 13, what is -167 - -17?
-150
In base 2, what is 110010011 - 1?
110010010
In base 14, what is -1 + 116?
115
In base 12, what is 3 - -118?
11b
In base 11, what is -10033 + 4?
-1002a
In base 2, what is 10010010 - 100?
10001110
In base 11, what is 61 - 99?
-38
In base 6, what is -25 - -144?
115
In base 7, what is -5155 - 3?
-5161
In base 7, what is 4 + 5656?
5663
In base 6, what is 451 + 0?
451
In base 6, what is -1 + 22?
21
In base 12, what is a84 + -7?
a79
In base 7, what is -54 + 10?
-44
In base 3, what is -220 + 1?
-212
In base 3, what is 0 + 22112?
22112
In base 9, what is -344 + -5?
-350
In base 4, what is -133 - -30?
-103
In base 7, what is 11 - 0?
11
In base 8, what is 0 - -53?
53
In base 7, what is -66455 - 3?
-66461
In base 15, what is -4 + -94?
-98
In base 2, what is -110 + 10000110?
10000000
In base 9, what is -85 - -3?
-82
In base 3, what is 200211 + 2?
200220
In base 14, what is 1 + -1?
0
In base 8, what is -20 + 62?
42
In base 8, what is 1 + -1313?
-1312
In base 16, what is -42e + 3?
-42b
In base 12, what is 0 + 3a?
3a
In base 10, what is 7 + -10?
-3
In base 6, what is -500 - 5?
-505
In base 10, what is -4 + 77?
73
In base 11, what is -472 - -20?
-452
In base 9, what is 6570 + -7?
6562
In base 10, what is 2 - 12?
-10
In base 15, what is 8 - 6?
2
In base 14, what is 110 - -2?
112
In base 15, what is -184 + -2?
-186
In base 8, what is -170 - 0?
-170
In base 5, what is 123 - 11?
112
In base 10, what is -1 - 52?
-53
In base 13, what is 2a - 61?
-34
In base 2, what is 1010 - 1010110?
-1001100
In base 11, what is 1219 - 0?
1219
In base 5, what is -11 - -14241?
14230
In base 11, what is -184 + 3?
-181
In base 4, what is -333313 + 10?
-333303
In base 4, what is -1 - -110331?
110330
In base 5, what is 304 + 3?
312
In base 5, what is -401 - 22?
-423
In base 13, what is -c2 - 4c?
-141
In base 15, what is -34c + 0?
-34c
In base 14, what is -2 + 45b?
459
In base 7, what is 45 - 312?
-234
In base 6, what is -2 + -221?
-223
In base 16, what is 77 - -5c?
d3
In base 4, what is 21 + -2?
13
In base 10, what is -910 + 15?
-895
In base 3, what is -11 + -2002?
-2020
In base 10, what is 10 - 460?
-450
In base 12, what is 27b - -43?
302
In base 13, what is -7 - c6?
-100
In base 10, what is 32 - 0?
32
In base 15, what is 2 - 3?
-1
In base 11, what is -14 - 22?
-36
In base 2, what is -11 - 11111?
-100010
In base 10, what is -2 - -79?
77
In base 13, what is 758 - 1?
757
In base 11, what is 2 - -22?
24
In base 9, what is 5 - -1018?
1024
In base 2, what is -10 - -1010000000?
1001111110
In base 15, what is 6 + b?
12
In base 13, what is 0 - -44?
44
In base 11, what is 5 - -8?
12
In base 4, what is -11 - 223111?
-223122
In base 16, what is 186 - 3?
183
In base 14, what is -2 - 13?
-15
In base 16, what is 1d - -a?
27
In base 13, what is 18 + -20?
-5
In base 12, what is -741 - -5?
-738
In base 15, what is 12 + a?
1c
In base 3, what is 1 + 10?
11
In base 13, what is -388 - -4?
-384
In base 9, what is -1 - -35?
34
In base 6, what is -205 - 5?
-214
In base 10, what is -507 - 4?
-511
In base 6, what is -21 + -1?
-22
In base 10, what is -9 + 22?
13
In base 5, what is 4 - 113?
-104
In base 13, what is 0 - 54?
-54
In base 6, what is 32 + 311?
343
In base 9, what is 1225 + 3?
1228
In base 14, what is 0 + 357?
357
In base 15, what is 1181 + -2?
117e
In base 11, what is -12 - 1?
-13
In base 9, what is 3588 + 0?
3588
In base 6, what is -12 + 212?
200
In base 3, what is 2212002 + -10?
2211222
In base 15, what is -b + 2?
-9
In base 14, what is 2d + -3?
2a
In base 5, what is 10030 + 1?
10031
In base 13, what is 0 + 22?
22
In base 12, what is 180 - -2?
182
In base 10, what is 27 + -252?
-225
In base 13, what is -5 + 553?
54b
In base 11, what is -185 + -11?
-196
In base 7, what is 155 - 1?
154
In base 14, what is -9 + -54?
-5d
In base 12, what is -1 + -38?
-39
In base 14, what is 4 + -31?
-2b
In base 4, what is -32220 + 10?
-32210
In base 13, what is -164 + 7?
-15a
In base 6, what is -145 + 10?
-135
In base 13, what is -8 + 13?
8
In base 9, what is 21 - 1?
20
In base 8, what is 1374 + 5?
1401
In base 6, what is 205 + -5?
200
In base 13, what is -12 + -47?
-59
In base 10, what is -634 + -1?
-635
In base 11, what is 36 + 3?
39
In base 9, what is 1 - -65?
66
In base 4, what is -12022 + -1?
-12023
In base 12, what is 8 - 17?
-b
In base 2, what is -10 - -100011001?
100010111
In base 4, what is 123 - -1?
130
In base 4, what is 2 + 20320?
20322
In base 5, what is -3 + -22120?
-22123
In base 12, what is -31 + b?
-22
In base 9, what is 17 + -17?
0
In base 12, what is -5 - 67?
-70
In base 16, what is 143 - -1e?
161
In base 10, what is 4 + -1285?
-1281
In base 8, what is 1 - 321?
-320
In base 6, what is -1102 + -3?
-1105
In base 7, what is -401 - -2?
-366
In base 2, what is -11000 - 11101?
-110101
In base 9, what is 4 + -141?
-136
In base 12, what is -5 - -571?
568
In base 16, what is -3a - 6?
-40
In base 12, what is -2 + 39?
37
In base 11, what is -595 - -5?
-590
In base 9, what is -16 - 750?
-766
In base 16, what is 1 - 22d?
-22c
In base 2, what is -10101110 + 100?
-10101010
In base 15, what is -1 + -e89?
-e8a
In base 2, what is -100111 + 11100?
-1011
In base 10, what is 11864 + -1?
11863
In base 15, what is -4 + -b23?
-b27
In base 5, what is 10 + 221?
231
In base 3, what is -100 - 20022?
-20122
In base 6, what is -1 + -10254?
-10255
In base 12, what is -5 - 28?
-31
In base 9, what is -2 + -27?
-30
In base 13, what is 4b5 - -5?
4ba
In base 2, what is 10011011111 - -101?
10011100100
In base 2, what is 11000 - 1010?
1110
In base 7, what is 4506 - -1?
4510
In base 7, what is 1 - 12?
-11
In base 7, what is 165 - -3?
201
In base 5, what is -21222 + -1?
-21223
In base 7, what is 10 - 3141?
-3131
In base 5, what is 10 - 43?
-33
In base 8, what is 17 + 0?
17
In base 12, what is 14 + -38?
-24
In base 13, what is -7 + a0?
96
In base 3, what is -20001021 - -12?
-20001002
In base 5, what is 3 - -24203?
24211
In base 5, what is -142113 - 4?
-142122
In base 4, what is -20111 + -11?
-20122
In base 2, what is 100 + 1001110?
1010010
In base 15, what is 65 + -4?
61
In base 8, what is -103 - -3?
-100
In base 3, what is -10211211 + -1?
-10211212
In base 2, what is 1000 - 101001?
-100001
In base 15, what is 0 - 131?
-131
